{"id":7858,"date":"2020-10-30T15:07:57","date_gmt":"2020-10-30T15:07:57","guid":{"rendered":"https:\/\/testfirma.jrotermund.de\/?page_id=7858"},"modified":"2021-04-13T15:56:54","modified_gmt":"2021-04-13T13:56:54","slug":"schwallwasserkammern-wasserspeichern-nach-din-19643-1-2012-11","status":"publish","type":"page","link":"https:\/\/www.hrs-gbr.de\/index.php\/hygiene\/schwallwasserkammern-wasserspeichern-nach-din-19643-1-2012-11\/","title":{"rendered":"Schwallwasserkammern &#038; Wasserspeichern nach DIN 19643-1-2012-11"},"content":{"rendered":"\n<style type=\"text\/css\" data-created_by=\"avia_inline_auto\" id=\"style-css-av-av_heading-9d023b7efc84cee4d437c19b9438e549\">\n#top .av-special-heading.av-av_heading-9d023b7efc84cee4d437c19b9438e549{\npadding-bottom:10px;\n}\nbody .av-special-heading.av-av_heading-9d023b7efc84cee4d437c19b9438e549 .av-special-heading-tag .heading-char{\nfont-size:25px;\n}\n.av-special-heading.av-av_heading-9d023b7efc84cee4d437c19b9438e549 .av-subheading{\nfont-size:15px;\n}\n<\/style>\n<div  class='av-special-heading av-av_heading-9d023b7efc84cee4d437c19b9438e549 av-special-heading-h3 blockquote modern-quote  avia-builder-el-0  el_before_av_textblock  avia-builder-el-first '><h3 class='av-special-heading-tag'  itemprop=\"headline\"  >Schwallwasserkammern <span class='special_amp'>&amp;<\/span> Wasserspeichern nach DIN 19643-1-2012-11<\/h3><div class=\"special-heading-border\"><div class=\"special-heading-inner-border\"><\/div><\/div><\/div>\n<section  class='av_textblock_section av-kgwfgu8c-1191cf9be1c9518143b55207fbed07d5'  itemscope=\"itemscope\" itemtype=\"https:\/\/schema.org\/CreativeWork\" ><div class='avia_textblock'  itemprop=\"text\" ><ul>\n<li>UVV<\/li>\n<li>TRGS<\/li>\n<\/ul>\n<p>Nach der DIN 19643 m\u00fcssen Schwallwasserbeh\u00e4lter und die Leitungssysteme nach Bedarf, mindestens aber halbj\u00e4hrlich gereinigt und desinfiziert werden. Schwallwasserbeh\u00e4lter f\u00fcr Whirlpools mindestens 4 mal j\u00e4hrlich.<\/p>\n<p>Aufgrund der dort vorherrschenden Verschmutzungen und bedingt durch die meist zu kleinen und ung\u00fcnstig positionierten Zug\u00e4nge sind bei der Reinigung besondere Schutzma\u00dfnahmen f\u00fcr das Personal zu beachten.<\/p>\n<p>Deshalb hat der Arbeitgeber vor der Reinigung und Desinfektion eine Gef\u00e4hrdungsbeurteilung f\u00fcr die Mitarbeiter durchzuf\u00fchren.<\/p>\n<p>Bei der Reinigung dieser Beh\u00e4lter sind f\u00fcr das durchf\u00fchrende Personal spezielle Sicherheitsma\u00dfnahmen notwendig. Hierzu geh\u00f6rt das Tragen von speziellen Schutzanz\u00fcgen sowie die Nutzung von raumluftunabh\u00e4ngigen Atemschutzger\u00e4ten. Normale Atemschutzmasken sind daf\u00fcr nicht ausreichend, da sie nur kurzzeitig Schutz bieten. (Fluchtmasken)<\/p>\n<p>Weiterhin muss bei der Reinigungst\u00e4tigkeit eine 2. Person als Sicherungsposten eingesetzt werden. Dieser muss mit dem im Beh\u00e4lter t\u00e4tigen Mitarbeiter in st\u00e4ndigem Kontakt bleiben. Er muss in die Gefahren der T\u00e4tigkeit eingewiesen und jederzeit in der Lage sein Hilfe herbeizuholen und auch \u00fcber die Notwendigen Sicherheitsausr\u00fcstungen verf\u00fcgen.<\/p>\n<p>Aus diesem Grunde sollten Sie die Reinigungs- und Desinfektionsintervalle einer qualifizierten Fachfirma mit ihrem geschulten und professionell ausger\u00fcsteten Personal \u00fcberlassen.<\/p>\n<\/div><\/section>\n","protected":false},"excerpt":{"rendered":"","protected":false},"author":2,"featured_media":0,"parent":7852,"menu_order":1,"comment_status":"closed","ping_status":"closed","template":"","meta":{"footnotes":""},"class_list":["post-7858","page","type-page","status-publish","hentry"],"_links":{"self":[{"href":"https:\/\/www.hrs-gbr.de\/index.php\/wp-json\/wp\/v2\/pages\/7858","targetHints":{"allow":["GET"]}}],"collection":[{"href":"https:\/\/www.hrs-gbr.de\/index.php\/wp-json\/wp\/v2\/pages"}],"about":[{"href":"https:\/\/www.hrs-gbr.de\/index.php\/wp-json\/wp\/v2\/types\/page"}],"author":[{"embeddable":true,"href":"https:\/\/www.hrs-gbr.de\/index.php\/wp-json\/wp\/v2\/users\/2"}],"replies":[{"embeddable":true,"href":"https:\/\/www.hrs-gbr.de\/index.php\/wp-json\/wp\/v2\/comments?post=7858"}],"version-history":[{"count":2,"href":"https:\/\/www.hrs-gbr.de\/index.php\/wp-json\/wp\/v2\/pages\/7858\/revisions"}],"predecessor-version":[{"id":8034,"href":"https:\/\/www.hrs-gbr.de\/index.php\/wp-json\/wp\/v2\/pages\/7858\/revisions\/8034"}],"up":[{"embeddable":true,"href":"https:\/\/www.hrs-gbr.de\/index.php\/wp-json\/wp\/v2\/pages\/7852"}],"wp:attachment":[{"href":"https:\/\/www.hrs-gbr.de\/index.php\/wp-json\/wp\/v2\/media?parent=7858"}],"curies":[{"name":"wp","href":"https:\/\/api.w.org\/{rel}","templated":true}]}}